Let l be h(-4). Calculate the highest common divisor of 56 and l.
8
Suppose -3*n = n - 696. Calculate the highest common divisor of 6 and n.
6
Let d be (-4 - -2 - 2)/((-1)/6). Let p = -2 - -5. Suppose 0 = 4*j + 4*m - d, -6 = 2*j - p*j - 5*m. Calculate the highest common factor of j and 6.
6
Let d(q) = q**2 - 2*q - 44. Let p be d(11). Calculate the highest common factor of p and 11.
11
Suppose 0 = -4*t + 4*y - 4 + 16, 2*y + 14 = 3*t. Let b be ((-18)/8)/((-3)/t). Calculate the greatest common divisor of 9 and b.
3
Let w = -2 - -9. Let p(i) = i**2 - 3*i - 9. Let a be p(w). Let j be ((-8)/12)/((-18480)/3078 + 6). What is the highest common divisor of j and a?
19
Suppose -5*z + 2450 = 925. Suppose 0 = 3*l + 107 - z. Let a = -5 + 11. Calculate the highest common factor of a and l.
6
Let q = -110 + 136. What is the greatest common divisor of 117 and q?
13
Suppose 7*o - 39 = 6*o. Let y(g) be the first derivative of 2*g**3/3 - g**2 + g - 4. Let n be y(-2). Calculate the highest common divisor of o and n.
13
Suppose -1143 = 7*b - 2368. Calculate the greatest common factor of b and 105.
35
Let u = 82 - 54. Calculate the highest common divisor of u and 56.
28
Suppose 0 = 5*g - 3*i - 10, 0*i + 4*i = g + 15. Let u = g - -1. What is the highest common divisor of u and 4?
2
Let r = -287 - -318. What is the greatest common divisor of 217 and r?
31
Suppose 5*m = -2*t - 5, m + t = -4*m - 5. Let w = 21 - m. What is the highest common divisor of w and 66?
22
Let v = 28 + -8. Let s be 4 + 57 + 2/(-2). Calculate the highest common factor of s and v.
20
Let t be (3/6)/(19/76). Calculate the highest common divisor of t and 98.
2
Suppose 2*d = -5*g + 80, -3*d + 142 = -42*g + 44*g. Let n be (72/16)/(3/20). Calculate the greatest common divisor of n and d.
10
Suppose 11*a = 359 - 260. What is the greatest common factor of a and 441?
9
Suppose 0*c = -c + 4*u + 33, c = u + 21. What is the highest common factor of 2 and c?
1
Suppose -238*f + 226*f = -7440. What is the highest common divisor of 248 and f?
124
Let m = 1379 - 1361. Suppose 4*t = -2*q + 8*t + 136, 3*q - t = 214. Calculate the highest common factor of m and q.
18
Suppose 395 = -5*g - 5*b, -g = 2*g + 5*b + 231. Let x = -61 - g. Calculate the greatest common factor of 63 and x.
21
Let d be (-61)/(-183) - 2/6*-107. What is the greatest common divisor of d and 90?
18
Let r be -1 - 1/(3/(-183)). Calculate the highest common divisor of r and 18.
6
Let j(u) = 2*u**3 + 6*u**2 - 9*u. Let g be j(3). What is the highest common factor of 54 and g?
27
Let s(z) = z**2 - 9*z - 11. Let x be s(11). Let m = x - 5. Let p be (1/(-3))/((-3)/54). Calculate the highest common divisor of p and m.
6
Let w = -17 - -27. Suppose -66 - 48 = -m. Let s be (-5 - (-4)/4) + m. Calculate the highest common divisor of w and s.
10
Let r be (9/6)/(12/8). Suppose 4*c - 7 = 2*w + 11, 0 = 3*c - 4*w - r. Suppose -4*i = -0*i - 4. Calculate the highest common factor of c and i.
1
Suppose 0 = 5*b - b - 360. Let m be 0 - 7/(42/18). Let f be (4 - (5 + m))*5. What is the highest common factor of f and b?
10
Let k = 220 - 170. What is the highest common divisor of k and 225?
25
Let m = 57 + -10. Let f = m + -39. Calculate the highest common divisor of 56 and f.
8
Let i be (-420)/(-110) + 2/11. Suppose 0 = -v - l + 35, -110 = v - 4*v - i*l. What is the highest common factor of v and 20?
10
Let d = -81 - -114. What is the greatest common divisor of d and 165?
33
Suppose -5*x = u - 23, 26*u - x + 15 = 27*u. Let d(a) = 35*a - 1. Let h be d(3). Calculate the highest common divisor of h and u.
13
Suppose 3*s - 46 = 5*f, 2*s - 10*f = -6*f + 32. What is the highest common divisor of s and 66?
6
Let i be (-12)/9*3 + (8 - -12). Suppose 0 = 3*q - q + v - 165, -4*v - 300 = -4*q. What is the highest common factor of q and i?
16
Let r = 214 + -86. Calculate the greatest common divisor of r and 192.
64
Suppose 43*x = 235 + 152. Calculate the greatest common factor of 3195 and x.
9
Let p(b) = b**2 - 16*b - 7. Let t be p(14). Let w be 29/7 + 5/t. Calculate the greatest common divisor of 8 and w.
4
Suppose 0 = -30*x - 17 + 107. What is the greatest common factor of x and 141?
3
Suppose -817 = -4*b + 3*n, 11*n + 228 = b + 15*n. What is the greatest common factor of 104 and b?
104
Let b = 14 + -10. Suppose 2*l - v - 16 = 0, 0 = 3*v - 2*v - b. Let y = 8 + l. Calculate the greatest common divisor of y and 126.
18
Let h = 337 - 307. What is the highest common divisor of 270 and h?
30
Let q = -74 - -74. Suppose q = 5*g - 25, -4*g = -4*d - 0*g + 44. What is the greatest common divisor of 112 and d?
16
Let l be (-4)/(-22) - (-222)/(-11). Let x be 2*(-2)/l + 3836/70. Suppose 3*k + 2*h = 9, -4*k + 12 = -5*h - 23. What is the greatest common factor of x and k?
5
Let x(l) = -l**2 - 24*l - 125. Let r be x(-14). Calculate the highest common divisor of r and 6.
3
Suppose 9 + 16 = -5*u, -u - 5 = 4*q. Suppose -c - 5 + 7 = q. Suppose -c*g - 5 = -215. What is the highest common divisor of g and 70?
35
Let z be 0*(1 - -3)/8. Suppose 5*a + a - 594 = z. Calculate the greatest common factor of 11 and a.
11
Let s(m) be the second derivative of m**4/6 + 7*m**3/6 - 3*m**2/2 + 2*m. Let x be s(-9). Let h = 29 + -17. What is the greatest common divisor of x and h?
12
Let p(x) = -3*x**3 - 3*x - 3. Let q be p(-2). Let l be (-18928)/(-351) + 10/135. Calculate the greatest common factor of q and l.
27
Let z be 51 - (4 - 1)/3. Suppose -8*r = -9*r + 63. Let j = -43 + r. What is the greatest common divisor of z and j?
10
Suppose 20 + 24 = 4*s. What is the greatest common factor of 88 and s?
11
Suppose -3*x + 221 = -2*r, 3*r - 203 - 178 = -5*x. Let z = 159 - x. Calculate the greatest common factor of z and 12.
12
Let n(i) = 2*i - 2. Let x be n(-3). Let f(g) = -10*g - 3. Let p be f(x). Let u be (-10 + 8)/(1*2) - -12. What is the greatest common divisor of p and u?
11
Suppose k = 7 + 11. Let u = 12 + k. Let n = 23 - 13. What is the highest common divisor of u and n?
10
Let p be (4 - 0) + (-122 - -14). Let a = p - -184. What is the greatest common factor of 10 and a?
10
Let q(u) = 12 - 3*u**2 + u**3 + u**2 - 3*u**2 + 10*u - 3*u. Let h be q(6). Calculate the greatest common factor of 18 and h.
18
Let s be -455*((-48)/(-360))/((-2)/78). What is the highest common factor of 14 and s?
14
Suppose -32*o + 88 = -34*o. Let m = o - -88. What is the highest common divisor of m and 4?
4
Let z = 124 + 110. Suppose -4*o = 4*m - 102 + 6, 5*o - 3*m = 136. Calculate the greatest common divisor of z and o.
26
Let x(i) = -i**3 - 15*i**2 - 16*i - 12. Let q be x(-14). What is the greatest common divisor of q and 104?
8
Let c be (-2)/4 + (-790)/(-20). Let n = 18 - 13. Suppose -4*u + n*w + c = 0, -50 = -4*u + 3*w - 17. Calculate the greatest common factor of 6 and u.
6
Suppose -8*b + 882 + 1350 = 0. What is the greatest common factor of 62 and b?
31
Suppose -6*z + 177 = -75. What is the highest common divisor of z and 18?
6
Let f(k) = -k**3 + 5*k**2 + 5*k + 8. Let w be f(6). Suppose -w*y - 3*y = -155. Let v = y - 17. Calculate the highest common factor of v and 35.
7
Let n(r) be the second derivative of r**4/12 - 11*r**3/6 + 3*r**2 - r. Let b be n(11). Let l = 19 - b. What is the greatest common factor of 26 and l?
13
Let z(i) = 33*i. Let m be z(6). Suppose j + 4 = 6. Suppose -32 = -w + 2*l, -j*w + 56 = w + 2*l. Calculate the highest common factor of w and m.
22
Let m = -19 - -271. What is the greatest common factor of m and 140?
28
Let k be (8/6)/((-1)/12). Let s = k + 30. Suppose b = -5*a - 4*b + 325, -5*a + 330 = 4*b. Calculate the highest common factor of s and a.
14
Let p be (-1)/((4/120)/(4/(-10))). Calculate the highest common factor of 60 and p.
12
Suppose 449 = 61*k - 56*k - 2*j, 0 = 4*j - 12. Calculate the greatest common divisor of 416 and k.
13
Let p = 348 - 116. Calculate the greatest common factor of p and 8.
8
Let c be 444/18 + 1/3. Let w be 3/12 + (-7 - 696/(-32)). Calculate the highest common divisor of c and w.
5
Let v = 591 + -582. Calculate the highest common factor of v and 3.
3
Let s = 196 - 284. Suppose -563 = -4*r + 5*m, -5*r + 3*r = -3*m - 281. Let h = r + s. What is the greatest common factor of h and 6?
6
Suppose -194 = 2*c + 76. Let o = 311 + c. Suppose -21 = -5*k + 59. Calculate the highest common divisor